6)/8 - -2). Suppose 6 = 2*y - 4. Suppose y*g - 3*m = u, -g - 14 = -m + 6*m. Calculate r(g).
-7
Let k(y) = 2*y + 5. Let b be k(-1). Let z(x) = 2*x**2 + 2*x**3 - 3*x + b*x**3 + 259 - 256 - 6*x**3. Give z(2).
-3
Let n(j) = -5*j**2 - 2*j + 1. Suppose 14*k + 14*k - 392 = 0. Suppose k*l = 17*l - 3. Calculate n(l).
-6
Let w(y) = 2*y**2 - 4*y - 1. Let g = -46 - -36. Let a be 2 - 5/(g/4). Let p be (-6)/a*(-3 + 1). What is w(p)?
5
Let d(s) = -11*s - 4. Let y(b) = -23*b - 9. Let f(l) = -7*d(l) + 3*y(l). Let a be 20/(-25) + 2/(-10). Give f(a).
-7
Suppose -l = -4*i + 429, 5*i - 4*l = -51 + 590. Suppose -2*q + 3*g = -i, 3 = -0*g + g. Let f = q + -58. Let j(y) = y**3 - y**2 + y - 22. Determine j(f).
-22
Let b(w) = 51*w**2 - 52*w - 34. Let t(p) = 82*p**2 - 79*p - 50. Let u(o) = 8*b(o) - 5*t(o). Calculate u(-8).
18
Let b(y) = y**2 + 9*y + 5. Let i be (4/((-8)/3))/((-5)/(-240)). Let u = -80 - i. Determine b(u).
-3
Let x = -16 + 24. Let c(m) be the first derivative of m**4/4 - 7*m**3/3 - 4*m**2 + 279. Determine c(x).
0
Let j(d) = 10*d**2 + 2*d + 3. Let v be j(-2). Suppose -v = 8*g - 31. Let p(c) = -9*c**2 - c - 1. Determine p(g).
-9
Let f(p) = 2*p + 3. Let s = -183 - -190. Let d be (-12)/8 - s - (-6)/4. Determine f(d).
-11
Let s = 20513 + -20529. Let z(r) = 6*r + 5. What is z(s)?
-91
Let a(z) = z**2 - 20*z + 33. Let s(o) = o**3 - 40*o**2 + 374*o + 43. Let p be s(25). What is a(p)?
-3
Suppose 107*u + 600 = 67*u. Let i(j) = -j**3 - 16*j**2 - 15*j + 10. Determine i(u).
10
Let h(b) = -b**2 + 4*b - 2. Let o(t) = t**2 - 9*t + 30. Let q be o(7). Let c = q - 10. Determine h(c).
-14
Suppose 3*u - 741*p = -737*p + 9, 0 = -3*p + 18. Let f(y) = -y**3 + 9*y**2 + 16*y + 7. Determine f(u).
-59
Let g = 350413 + -350415. Let l(z) be the second derivative of z - 2/3*z**3 + 0 - z**2. What is l(g)?
6
Let q be (2 - -1)/((-14)/(-6) - 2). Suppose -3*a = -2*h + 19, 4*a - q = a. Let f(t) = -2 + 4 + 0 + h*t. What is f(2)?
30
Let k(x) = 205*x + 12. Let a(s) = 256*s + 12. Let f(p) = -4*a(p) + 5*k(p). Determine f(-3).
9
Let m(x) = x**2 - x + 8. Let s(a) = a**2 - 2*a + 8. Let v(p) = 3*m(p) - 2*s(p). Suppose -135*f - 462 + 1272 = 0. Give v(f).
50
Let n(v) = -15*v**2 + 3*v + 28. Let d(f) = 2*f**2 - f - 12. Let g(p) = -2*d(p) - n(p). What is g(-2)?
42
Let c(m) = -3*m + 5. Let f = 34 + -38. Let h be ((-596)/72 + (-2)/9)*f. Suppose -5*a + 9 = h. Calculate c(a).
20
Let c(z) = z**2 + 2*z + 11. Let d(u) = u**2 + 79*u - 692. Let y be d(-87). What is c(y)?
35
Let l(p) = p**2 - 9*p + 13. Let w(t) = 152*t**3 + t**2 + t - 2. Let r be w(1). Let x = 158 - r. Determine l(x).
-5
Let g(n) = -2*n**2 + 3*n + 3. Let d be g(3). Let s = -203 + 211. Let k(r) = -s - r - r - 6 + 2 + 3. Give k(d).
3
Let o = -192 + 195. Let y(a) = 19*a**2 + 3*a - 27*a**2 + 7*a**2 + o. Calculate y(3).
3
Let u(b) = -28*b**2 + 22*b + 5. Let i(d) = -19*d**2 + 15*d + 3. Let a(o) = 7*i(o) - 5*u(o). What is a(-1)?
8
Let d(w) = -3*w**3 - 5*w**2 - 2*w - 4. Let h(f) = 32*f - f**3 - 14*f - 2 + 0*f**2 + f**2 - 19*f. Let b(c) = d(c) - 2*h(c). What is b(-7)?
0
Suppose 181 = -18*x + 2*x - 187. Let w(g) = -2*g - 39. What is w(x)?
7
Let d(n) = n + 20745 + 4*n + 20797 - 41651. Calculate d(31).
46
Let g be 18/(-108) - 46/12. Let t(k) = -k - 1. Let b be t(-5). Let h(y) = -y - 2. Let q(l) = -2*l - 3. Let p(x) = b*q(x) - 7*h(x). Give p(g).
6
Let s(d) = d**2 - 4*d - 6. Let l = -50 - -53. Let h(m) = 0*m**2 + 5 - m + 4*m - m**2. Let a(b) = l*h(b) + 2*s(b). What is a(3)?
-3
Let a(m) = -9 + 9*m - 40*m**3 - 30*m**3 - 33*m**3 + m**2 + 121*m**3 - 32*m**3. Give a(1).
-13
Let l(i) = 5*i**3 - 40*i**2 - 79*i + 22. Let k(h) = -2*h**3 + 20*h**2 + 31*h - 12. Let p(x) = 7*k(x) + 3*l(x). Calculate p(-21).
-39
Suppose 2*r + 14 = 3*u, 4*r = -2*u - r - 16. Suppose u*n + 8 = a, -3*a = -a + 2*n + 2. Let d(z) = -2*z**2 + 18 - 17 + 0*z + 3*z**a - z. Calculate d(1).
1
Suppose -3*h - 5*f + 45 = 0, -27*h - f - 14 = -31*h. Let x(s) = 2*s**2 - 23*s + 12. Determine x(h).
-53
Let c(y) be the first derivative of y**4/4 - 13*y**3/3 + 15*y**2/2 - 33*y + 28. Let k be c(12). Let b(j) = j**2 - 4*j. Determine b(k).
-3
Let m(z) = -z - 5. Suppose s + 24*s = -4700. Let l = 181 + s. Determine m(l).
2
Suppose -a + 6 = -15. Let f be ((-78)/a)/((-4)/28). Let b(j) = -10*j + f*j - 15*j. Give b(-6).
-6
Let l(h) = -105*h + 11. Let r(o) = 40*o - 4. Let s(d) = -3*l(d) - 8*r(d). Suppose 3 = -4*a + 7. Suppose 0 = -2*v + 2*c + 5 - a, 4*v = -5*c - 37. Calculate s(v).
14
Let v(d) be the first derivative of -1/4*d**4 - 7*d + 209 + 1/2*d**2 + 0*d**3. Let u be (-2)/4*(3 + -3). Calculate v(u).
-7
Suppose 0 = -u - 3, -10 = n + 4*u. Let r(j) = -67*j + 1079. Let s be r(16). Let o(w) = 110*w**3 - 2 + 4 + 6*w**n + s*w - 109*w**3. Calculate o(-5).
-8
Let t(a) = -a**3 - 37*a**2 + 37*a - 40. Suppose 51*x - 52*x - 38 = -4*n, -x - 38 = 2*n. Give t(x).
-2
Let y(h) be the first derivative of -3*h**4/4 + 2*h**2 - 26*h + 551. Calculate y(0).
-26
Let s be 52/130 + ((-13)/5)/(-1). Let u(j) = 7314 - j - j**s + 7276 - j**2 - 14623. Give u(0).
-33
Let b(i) = 2*i**3 - 9*i**2 + 5*i - 34. Let t be b(5). Let k(s) = -t*s + 26 - 17 + 22*s. Calculate k(-8).
-39
Let r(u) = -4 - 2660*u**2 + 7*u + 2661*u**2 + 3. Let a(o) = o + 6. Let g be a(-6). Let p = -6 + g. What is r(p)?
-7
Let c(x) = -50*x**2 + 24*x + 60. Let d(a) = -31*a**2 + 17*a + 40. Let j(i) = -5*c(i) + 8*d(i). Give j(-7).
6
Let c(j) be the second derivative of 1/3*j**3 + 0 - 1/60*j**5 - 1/4*j**4 + 2*j + 3*j**2. Let w(h) be the first derivative of c(h). Calculate w(-6).
2
Let h(v) = 38*v + 144. Let d(w) = -40*w - 141. Let u(s) = 2*d(s) + 3*h(s). What is u(-5)?
-20
Let b = 19996 - 20009. Let c(y) = -3*y**2 - 36*y - 18. Determine c(b).
-57
Let n(b) = 9*b**3 - b**2 + 26*b - 6. Let k(h) = -5*h**3 - 15*h + 3. Let r(m) = -11*k(m) - 6*n(m). Calculate r(-4).
-1
Let y = -37840 + 37837. Let b(o) = -6*o**2 - o + 12. What is b(y)?
-39
Let o be (-1 + 52/12)*96/(-5). Let n = o - -65. Let g(k) = -k**2 - n + 5*k - 6*k + 4*k. Determine g(5).
-11
Suppose 3*r + 4*o = 149, -r + 6*r - 4*o - 259 = 0. Let a = r + -47. Let d(b) be the third derivative of -b**5/30 + 5*b**4/24 + b**3/2 + 49*b**2. What is d(a)?
-9
Let w(m) = -18*m - 101. Suppose 3*i + 40 = -6153*y + 6148*y, 0 = -3*i - 15. Calculate w(y).
-11
Let w(h) = 16*h**2 - 27*h + 10. Let f(n) = 11*n**2 - 25*n + 11. Let k(g) = 3*f(g) - 2*w(g). What is k(19)?
-25
Let t(n) = -n + 23. Let k = -9689 - -9695. Calculate t(k).
17
Let q(i) be the second derivative of i**4 + i**3/3 + 2*i**2 - 182*i. Let j(o) = 5*o**2. Let m(x) = 2*j(x) - q(x). What is m(-3)?
-16
Let u(f) = 21*f - 120*f + 16 + f**2 + 8 + 119*f. Calculate u(-18).
-12
Let o(l) be the second derivative of l**5/20 + 7*l**4/12 + 2*l**3/3 + 2*l**2 - 25*l + 3. What is o(-6)?
16
Let p(v) = -v**3 + 9*v**2 + 2*v + 3. Let g be p(9). Let r be (28/g)/(3/45). Suppose -t = -6*t - r. Let z(k) = -k - 5. Determine z(t).
-1
Let q(k) = k**2 + 2*k + 2. Let i = -7 - -8. Let o be ((-2)/10)/(i/(-145)). Suppose -5*l + o = a - 2*a, 4*a + 2*l = -6. Give q(a).
10
Let v(b) be the third derivative of -1/15*b**5 + 0*b**3 - 1/120*b**6 + b + 1/4*b**4 + 0 + 23*b**2. Determine v(-5).
-5
Let u(j) = -39*j + 16. Let k(r) = 276*r - 120. Let m(s) = -2*k(s) - 15*u(s). Determine m(2).
66
Let x(t) be the first derivative of t**2/2 + 19*t + 28. Let k = 41 - 41. What is x(k)?
19
Let r(i) be the third derivative of i**6/30 + i**5/30 - i**4/12 - i**3/6 + 11*i**2. Let n be ((-15)/5)/((-6)/(-4)). Give r(n).
-21
Let z(c) = -41*c**3 + c. Let p = -1085 - -1084. Give z(p).
40
Let r(o) = 81*o + 78*o + 73*o - 1 - 233*o. Suppose 0 = -5*d + 5 - 90. Let f = d + 13. Calculate r(f).
3
Let d(l) = -l**2 - 4*l + 6. Let j(a) = 3*a**2 + 11*a - 17. Suppose 5*x = -5*m + 110, 5*x - 4*x + 4*m - 37 = 0. Let b(f) = x*d(f) + 6*j(f). Calculate b(2).
0
Let o(h) be the first derivative of 17*h**2/2 - 129*h + 9382. What is o(7)?
-10
Let p(u) = -u**2 + 5*u. Let y be p(4). Let d(k) = 2*k**2 + 17*k - 6. Let o be d(-11). Let h(r) = -o*r + 1 + 2 + 47*r. Give h(y).
-5
Let t(s) = 4*s**2 + s - 2. Let c(k) = 5*k**2 + k - 2. Let f(o) = 5*c(o) - 6*t(o). Suppose 67*h + 109*h + 13*h - 378 = 0. Calculate f(h).
4
Let h(d) = -d**3 + 13*d**2 + 12*d + 16. Let j be (0 - 1 - 22/(-33))*-12. Let t be (1/j)/(19/1064). Determine h(t).
-12
Suppose j + f + 60 = 0, 7*j + f = 4*j - 180. Let y = 7